{"id":2396,"date":"2024-05-05T15:17:26","date_gmt":"2024-05-05T14:17:26","guid":{"rendered":"http:\/\/france-isolation.com\/?page_id=2396"},"modified":"2024-05-05T19:17:43","modified_gmt":"2024-05-05T18:17:43","slug":"gaines-coupe-feu","status":"publish","type":"page","link":"https:\/\/france-isolation.com\/?page_id=2396","title":{"rendered":"Gaines Coupe Feu"},"content":{"rendered":"<div id=\"pl-2396\"  class=\"panel-layout\" ><div id=\"pg-2396-0\"  class=\"panel-grid panel-no-style\" ><div id=\"pgc-2396-0-0\"  class=\"panel-grid-cell\" ><div id=\"panel-2396-0-0-0\" class=\"so-panel widget widget_black-studio-tinymce widget_black_studio_tinymce panel-first-child panel-last-child\" data-index=\"0\" ><div class=\"textwidget\"><p>La protection dite passive contre l'incendie regroupe l'ensemble des techniques et moyens mat\u00e9riels mis en \u0153uvre pour limiter les effets d'un incendie, une fois ce dernier d\u00e9clar\u00e9.<\/p>\n<p>la lutte contre l\u2019incendie a plusieurs objectifs comme \u00e9vacuer dans les d\u00e9lais les plus brefs toutes les personnes expos\u00e9es au risque, favoriser l\u2019acc\u00e8s des moyens d\u2019intervention contre l\u2019incendie, ralentir la propagation des feux, \u00e9teindre l\u2019incendie ou encore s\u00e9curiser la zone incendi\u00e9e.<\/p>\n<p>Dans le domaine du d\u00e9senfumage ou de la ventilation, notre gamme de produit Promat ou Athermax vous apporte une s\u00e9curit\u00e9 sans faille.  <\/p>\n<p>Pour les dimensions traditionnel, nous gaines sont d\u00e9j\u00e0  \"pr\u00eate \u00e0 poser\", n\u00e9anmoins, Nous confectionnons directement  les gaines les plus volumineuses sur chantier, grace \u00e0 l'assemblage de panneaux , fibre, colle ...<\/p>\n<\/div><\/div><\/div><div id=\"pgc-2396-0-1\"  class=\"panel-grid-cell\" ><div id=\"panel-2396-0-1-0\" class=\"so-panel widget widget_black-studio-tinymce widget_black_studio_tinymce panel-first-child panel-last-child\" data-index=\"1\" ><div class=\"textwidget\"><p><img loading=\"lazy\" decoding=\"async\" class=\"alignnone size-large wp-image-2426\" src=\"http:\/\/france-isolation.com\/wp-content\/uploads\/2015\/06\/COUPE-FEU_GAINE3-1024x678.jpg\" alt=\"COUPE-FEU_GAINE3\" width=\"1024\" height=\"678\" srcset=\"https:\/\/france-isolation.com\/wp-content\/uploads\/2015\/06\/COUPE-FEU_GAINE3-1024x678.jpg 1024w, https:\/\/france-isolation.com\/wp-content\/uploads\/2015\/06\/COUPE-FEU_GAINE3-600x398.jpg 600w, https:\/\/france-isolation.com\/wp-content\/uploads\/2015\/06\/COUPE-FEU_GAINE3-300x199.jpg 300w, https:\/\/france-isolation.com\/wp-content\/uploads\/2015\/06\/COUPE-FEU_GAINE3-555x368.jpg 555w, https:\/\/france-isolation.com\/wp-content\/uploads\/2015\/06\/COUPE-FEU_GAINE3.jpg 1200w\" sizes=\"auto, (max-width: 1024px) 100vw, 1024px\" \/><\/p>\n<\/div><\/div><\/div><\/div><div id=\"pg-2396-1\"  class=\"panel-grid panel-no-style\" ><div id=\"pgc-2396-1-0\"  class=\"panel-grid-cell\" ><div id=\"panel-2396-1-0-0\" class=\"so-panel widget widget_black-studio-tinymce widget_black_studio_tinymce panel-first-child panel-last-child\" data-index=\"2\" ><h3 class=\"widget-title\">Caract\u00e9ristiques<\/h3><div class=\"textwidget\"><p>Les plaques les plus classique ont ont une\u00a0 Masse volumique de +- 500 kg\/m\u00b3. Pour les environnements les plus contraignants notre gamme de Panneaux Ultra L\u00e9ger\u00a0 en silicate de Calcium, incombustible et imputrescible de dimensions 1220 x 2040 mm (\u00e9paisseurs 22, 25, 30, 35, 40, 45, 47, 50, 55, mm) ont une charge de 260 Kg\/M3<\/p>\n<\/div><\/div><\/div><\/div><div id=\"pg-2396-2\"  class=\"panel-grid panel-no-style\" ><div id=\"pgc-2396-2-0\"  class=\"panel-grid-cell\" ><div id=\"panel-2396-2-0-0\" class=\"so-panel widget widget_black-studio-tinymce widget_black_studio_tinymce panel-first-child panel-last-child\" data-index=\"3\" ><h3 class=\"widget-title\">Domaines d\u2019application<\/h3><div class=\"textwidget\"><p>Protection passive contre l\u2019incendie sur :<\/p>\n<ul>\n<li>Structure M\u00e9tallique<\/li>\n<li>Conduits de D\u00e9sanfumage\/Ventilation\u00a0(horizontal\/vertical)<\/li>\n<li>Ecran Coupe Feu: Tous Supports (B\u00e9ton, Plancher mixte acier\/b\u00e9ton, Bois)<\/li>\n<\/ul>\n<\/div><\/div><\/div><\/div><\/div>","protected":false},"excerpt":{"rendered":"<p>La protection dite passive contre l&rsquo;incendie regroupe l&rsquo;ensemble des techniques et moyens mat\u00e9riels mis en \u0153uvre pour limiter les effets d&rsquo;un incendie, une fois ce dernier d\u00e9clar\u00e9. la lutte contre l\u2019incendie a plusieurs objectifs comme \u00e9vacuer dans les d\u00e9lais les plus brefs toutes les personnes expos\u00e9es au risque, favoriser l\u2019acc\u00e8s des moyens d\u2019intervention contre l\u2019incendie, &hellip;<\/p>\n","protected":false},"author":1,"featured_media":0,"parent":2157,"menu_order":0,"comment_status":"closed","ping_status":"closed","template":"","meta":{"footnotes":""},"class_list":["post-2396","page","type-page","status-publish","hentry"],"_links":{"self":[{"href":"https:\/\/france-isolation.com\/index.php?rest_route=\/wp\/v2\/pages\/2396","targetHints":{"allow":["GET"]}}],"collection":[{"href":"https:\/\/france-isolation.com\/index.php?rest_route=\/wp\/v2\/pages"}],"about":[{"href":"https:\/\/france-isolation.com\/index.php?rest_route=\/wp\/v2\/types\/page"}],"author":[{"embeddable":true,"href":"https:\/\/france-isolation.com\/index.php?rest_route=\/wp\/v2\/users\/1"}],"replies":[{"embeddable":true,"href":"https:\/\/france-isolation.com\/index.php?rest_route=%2Fwp%2Fv2%2Fcomments&post=2396"}],"version-history":[{"count":12,"href":"https:\/\/france-isolation.com\/index.php?rest_route=\/wp\/v2\/pages\/2396\/revisions"}],"predecessor-version":[{"id":3187,"href":"https:\/\/france-isolation.com\/index.php?rest_route=\/wp\/v2\/pages\/2396\/revisions\/3187"}],"up":[{"embeddable":true,"href":"https:\/\/france-isolation.com\/index.php?rest_route=\/wp\/v2\/pages\/2157"}],"wp:attachment":[{"href":"https:\/\/france-isolation.com\/index.php?rest_route=%2Fwp%2Fv2%2Fmedia&parent=2396"}],"curies":[{"name":"wp","href":"https:\/\/api.w.org\/{rel}","templated":true}]}}