{"id":2350,"date":"2024-05-05T12:55:13","date_gmt":"2024-05-05T11:55:13","guid":{"rendered":"http:\/\/france-isolation.com\/?page_id=2350"},"modified":"2024-05-05T19:19:21","modified_gmt":"2024-05-05T18:19:21","slug":"peinture-coupe-feu","status":"publish","type":"page","link":"https:\/\/france-isolation.com\/?page_id=2350","title":{"rendered":"Peinture Coupe Feu"},"content":{"rendered":"<div id=\"pl-2350\"  class=\"panel-layout\" ><div id=\"pg-2350-0\"  class=\"panel-grid panel-no-style\" ><div id=\"pgc-2350-0-0\"  class=\"panel-grid-cell\" ><div id=\"panel-2350-0-0-0\" class=\"so-panel widget widget_black-studio-tinymce widget_black_studio_tinymce panel-first-child panel-last-child\" data-index=\"0\" ><div class=\"textwidget\"><p>Le mat\u00e9riau\u00a0intumescent\u00a0est capable de s'\u00e9paissir (expansion) en cas de pr\u00e9sence prolong\u00e9e de chaleur exc\u00e9dant une certaine temp\u00e9rature. On peut en trouver sous forme de bande ou de peinture dans le but de garder les propri\u00e9t\u00e9s d'un mur coupe-feu lors d'un incendie.<\/p>\n<p>la lutte contre l\u2019incendie a plusieurs\u00a0objectifs\u00a0comme\u00a0\u00e9vacuer dans les d\u00e9lais les plus brefs toutes les personnes expos\u00e9es au risque,\u00a0favoriser l\u2019acc\u00e8s des moyens d\u2019intervention contre l\u2019incendie,\u00a0ralentir la propagation des feux,\u00a0\u00e9teindre l\u2019incendie ou encore\u00a0s\u00e9curiser la zone incendi\u00e9e.<\/p>\n<p>Alors que la <em>protection active<\/em> est principalement curative, visant \u00e0 secourir les victimes et \u00e0 \u00e9teindre un feu aussi vite que possible apr\u00e8s sa d\u00e9tection, la\u00a0protection passive contre l\u2019incendie dans les b\u00e2timents est essentiellement pr\u00e9ventive.\u00a0Elle repr\u00e9sente l\u2019ensemble des mesures constructives permettant \u00e0 un ouvrage ou une partie d\u2019ouvrage de r\u00e9sister \u00e0 un incendie pendant un temps pr\u00e9d\u00e9termin\u00e9 fix\u00e9 par la r\u00e9glementation de construction en vigueur pour le type de b\u00e2timent concern\u00e9. Ces mesures sont destin\u00e9es \u00e0 stopper la progression des fum\u00e9es, \u00e9viter la propagation des flammes, maintenir la stabilit\u00e9 au feu des \u00e9l\u00e9ments de structure le plus longtemps possible malgr\u00e9 l\u2019action d\u2019un incendie et xontenir les effets thermiques le plus longtemps possible \u00e0 la zone sinistr\u00e9e.\u00a0<\/p>\n<p>La principale sp\u00e9cificit\u00e9 de la protection passive est que d\u00e8s le d\u00e9but d\u2019un incendie, elle fonctionne sans aucune intervention humaine ni aucun apport ext\u00e9rieur d\u2019\u00e9nergie.\u00a0Il s'agit d'une protection durable, l\u2019efficacit\u00e9 de la plupart des produits utilis\u00e9s dans la protection passive n\u2019\u00e9tant pas limit\u00e9e dans le temps.\u00a0<\/p>\n<\/div><\/div><\/div><div id=\"pgc-2350-0-1\"  class=\"panel-grid-cell\" ><div id=\"panel-2350-0-1-0\" class=\"so-panel widget widget_sow-slider panel-first-child panel-last-child\" data-index=\"1\" ><div\n\t\t\t\n\t\t\tclass=\"so-widget-sow-slider so-widget-sow-slider-default-6d39609536fd-2350\"\n\t\t\t\n\t\t>\t\t\t\t<div class=\"sow-slider-base\" style=\"display: none\" tabindex=\"0\">\n\t\t\t\t\t<ul\n\t\t\t\t\tclass=\"sow-slider-images\"\n\t\t\t\t\tdata-settings=\"{&quot;pagination&quot;:true,&quot;speed&quot;:800,&quot;timeout&quot;:8000,&quot;paused&quot;:false,&quot;pause_on_hover&quot;:false,&quot;swipe&quot;:true,&quot;nav_always_show_desktop&quot;:&quot;&quot;,&quot;nav_always_show_mobile&quot;:&quot;&quot;,&quot;breakpoint&quot;:&quot;780px&quot;,&quot;unmute&quot;:false,&quot;anchor&quot;:null}\"\n\t\t\t\t\t\t\t\t\t\tdata-anchor-id=\"\"\n\t\t\t\t>\t\t<li class=\"sow-slider-image\" style=\"visibility: visible;\" >\n\t\t\t\t\t\t<img loading=\"lazy\" decoding=\"async\" width=\"3696\" height=\"2448\" src=\"https:\/\/france-isolation.com\/wp-content\/uploads\/2015\/06\/peinture-intumescente2.jpg\" class=\"sow-slider-background-image\" alt=\"peinture intumescente\" style=\"\" srcset=\"https:\/\/france-isolation.com\/wp-content\/uploads\/2015\/06\/peinture-intumescente2.jpg 3696w, https:\/\/france-isolation.com\/wp-content\/uploads\/2015\/06\/peinture-intumescente2-300x199.jpg 300w, https:\/\/france-isolation.com\/wp-content\/uploads\/2015\/06\/peinture-intumescente2-768x509.jpg 768w, https:\/\/france-isolation.com\/wp-content\/uploads\/2015\/06\/peinture-intumescente2-1024x678.jpg 1024w, https:\/\/france-isolation.com\/wp-content\/uploads\/2015\/06\/peinture-intumescente2-555x368.jpg 555w, https:\/\/france-isolation.com\/wp-content\/uploads\/2015\/06\/peinture-intumescente2-600x397.jpg 600w\" sizes=\"auto, (max-width: 3696px) 100vw, 3696px\" \/>\t\t<\/li>\n\t\t\t\t<li class=\"sow-slider-image\" style=\"visibility: hidden;\" >\n\t\t\t\t\t\t<img loading=\"lazy\" decoding=\"async\" width=\"555\" height=\"416\" src=\"https:\/\/france-isolation.com\/wp-content\/uploads\/2015\/06\/peinture-intumescente-ignifuge.jpg\" class=\"sow-slider-background-image\" alt=\"peinture intumescente ignifuge\" style=\"\" srcset=\"https:\/\/france-isolation.com\/wp-content\/uploads\/2015\/06\/peinture-intumescente-ignifuge.jpg 555w, https:\/\/france-isolation.com\/wp-content\/uploads\/2015\/06\/peinture-intumescente-ignifuge-300x225.jpg 300w, https:\/\/france-isolation.com\/wp-content\/uploads\/2015\/06\/peinture-intumescente-ignifuge-100x75.jpg 100w\" sizes=\"auto, (max-width: 555px) 100vw, 555px\" \/>\t\t<\/li>\n\t\t<\/ul>\t\t\t\t<ol class=\"sow-slider-pagination\">\n\t\t\t\t\t\t\t\t\t\t\t<li><a href=\"#\" data-goto=\"0\" aria-label=\"Display slide 1\"><\/a><\/li>\n\t\t\t\t\t\t\t\t\t\t\t<li><a href=\"#\" data-goto=\"1\" aria-label=\"Display slide 2\"><\/a><\/li>\n\t\t\t\t\t\t\t\t\t<\/ol>\n\n\t\t\t\t<div class=\"sow-slide-nav sow-slide-nav-next\">\n\t\t\t\t\t<a href=\"#\" data-goto=\"next\" aria-label=\"Next slide\" data-action=\"next\">\n\t\t\t\t\t\t<em class=\"sow-sld-icon-thin-right\"><\/em>\n\t\t\t\t\t<\/a>\n\t\t\t\t<\/div>\n\n\t\t\t\t<div class=\"sow-slide-nav sow-slide-nav-prev\">\n\t\t\t\t\t<a href=\"#\" data-goto=\"previous\" aria-label=\"Previous slide\" data-action=\"prev\">\n\t\t\t\t\t\t<em class=\"sow-sld-icon-thin-left\"><\/em>\n\t\t\t\t\t<\/a>\n\t\t\t\t<\/div>\n\t\t\t\t<\/div><\/div><\/div><\/div><\/div><div id=\"pg-2350-1\"  class=\"panel-grid panel-no-style\" ><div id=\"pgc-2350-1-0\"  class=\"panel-grid-cell\" ><div id=\"panel-2350-1-0-0\" class=\"so-panel widget widget_black-studio-tinymce widget_black_studio_tinymce panel-first-child panel-last-child\" data-index=\"2\" ><h3 class=\"widget-title\">Peinture Intumescente<\/h3><div class=\"textwidget\"><p>La peinture intumescente des produits tels que le SPRAYFILM WB2, le LURIE 30\/120S et autres \u00e9quivalents se r\u00e9alise par simple application au rouleau \u00e0 peinture ou \u00e0 l\u2019airless.Nous effectuons pr\u00e9alablement \u00e0 la protection Stable Feu par peinture intumescente, une pr\u00e9paration des supports consistant \u00e0 d\u00e9caper, nettoyer, d\u00e9graisser et d\u00e9poussi\u00e9rer les supports.\u00a0Ensuite s\u2019applique un primaire d\u2019accroche qui assurera la bonne tenue de la peinture intumescente. Une fois l\u2019\u00e9paisseur de peinture intumescente requise atteinte, nous appliquerons une peinture de finition de la couleur demand\u00e9.<\/p>\n<\/div><\/div><\/div><\/div><div id=\"pg-2350-2\"  class=\"panel-grid panel-no-style\" ><div id=\"pgc-2350-2-0\"  class=\"panel-grid-cell\" ><div id=\"panel-2350-2-0-0\" class=\"so-panel widget widget_black-studio-tinymce widget_black_studio_tinymce panel-first-child panel-last-child\" data-index=\"3\" ><h3 class=\"widget-title\">Domaines d\u2019application<\/h3><div class=\"textwidget\"><p>Structures porteuses en acier, pour stabilit\u00e9 au feu sur charpente m\u00e9tallique<\/p>\n<p>Planchers b\u00e9tons et hourdis, permettant d\u2019obtenir un protection coupe feu<\/p>\n<p>Planchers bois, protection coupe feu par flocage d\u2019isolant incendie permettant une protection coupe feu \u00bd heure \u00e0 3 heures<\/p>\n<p>Planchers mixtes avec pl\u00e2tres, lattis-bois etc, flocage coupe feu jusqu\u2019\u00e0 3 heures<\/p>\n<p>Bac acier collaborant, projection d\u2019enduits ou laine par flocage coupe feu jusqu\u00e0 3 heures<\/p>\n<p>Bardages m\u00e9tallique (aciers mixte en m\u00e9tal), coupe feu 2 heures et 3 Heures<\/p>\n<p>Sous toiture, coupe feu et pare flamme jusqu\u2019\u00e0 3 heures<\/p>\n<p>Planchers en brique rouge (c\u00e9ramique)<\/p>\n<p>Nota\u00a0: certaines configurations ci-dessus sont en cours d\u2019essais et de dispose pas encore de rapport d\u2019essais valid\u00e9.<\/p>\n<\/div><\/div><\/div><\/div><\/div>","protected":false},"excerpt":{"rendered":"<p>Le mat\u00e9riau\u00a0intumescent\u00a0est capable de s&rsquo;\u00e9paissir (expansion) en cas de pr\u00e9sence prolong\u00e9e de chaleur exc\u00e9dant une certaine temp\u00e9rature. On peut en trouver sous forme de bande ou de peinture dans le but de garder les propri\u00e9t\u00e9s d&rsquo;un mur coupe-feu lors d&rsquo;un incendie.la lutte contre l\u2019incendie a plusieurs\u00a0objectifs\u00a0comme\u00a0\u00e9vacuer dans les d\u00e9lais les plus brefs toutes les personnes &hellip;<\/p>\n","protected":false},"author":1,"featured_media":0,"parent":2157,"menu_order":0,"comment_status":"closed","ping_status":"closed","template":"","meta":{"footnotes":""},"class_list":["post-2350","page","type-page","status-publish","hentry"],"_links":{"self":[{"href":"https:\/\/france-isolation.com\/index.php?rest_route=\/wp\/v2\/pages\/2350","targetHints":{"allow":["GET"]}}],"collection":[{"href":"https:\/\/france-isolation.com\/index.php?rest_route=\/wp\/v2\/pages"}],"about":[{"href":"https:\/\/france-isolation.com\/index.php?rest_route=\/wp\/v2\/types\/page"}],"author":[{"embeddable":true,"href":"https:\/\/france-isolation.com\/index.php?rest_route=\/wp\/v2\/users\/1"}],"replies":[{"embeddable":true,"href":"https:\/\/france-isolation.com\/index.php?rest_route=%2Fwp%2Fv2%2Fcomments&post=2350"}],"version-history":[{"count":9,"href":"https:\/\/france-isolation.com\/index.php?rest_route=\/wp\/v2\/pages\/2350\/revisions"}],"predecessor-version":[{"id":3189,"href":"https:\/\/france-isolation.com\/index.php?rest_route=\/wp\/v2\/pages\/2350\/revisions\/3189"}],"up":[{"embeddable":true,"href":"https:\/\/france-isolation.com\/index.php?rest_route=\/wp\/v2\/pages\/2157"}],"wp:attachment":[{"href":"https:\/\/france-isolation.com\/index.php?rest_route=%2Fwp%2Fv2%2Fmedia&parent=2350"}],"curies":[{"name":"wp","href":"https:\/\/api.w.org\/{rel}","templated":true}]}}